*p - 1. Let y(t) = 2*t**2. Let z be y(2). Let x be (z/(-7))/(12/(-42)). What is a(x)?
-1
Suppose 2*z - k = 0, -z - 4*k - 22 = 2*z. Let r(q) = q**2 - 4*q + 0*q + 0*q**2 - 2*q**2 - 1. Determine r(z).
3
Let p(n) = n - 5. Suppose 0 = -w - 5*c + 30, 2*w - 3*c = -7 + 2. Suppose 0 = 5*h - 25 - w. Give p(h).
1
Let d(q) = -2*q**2 - 6*q - 3. Suppose -b - 3*l + 0*l = -25, 55 = 3*b + 5*l. Suppose r + 0*r + 27 = -2*y, 4*y - 4*r = -60. Let w = b + y. What is d(w)?
-11
Let z(a) be the first derivative of -a**2/2 - a + 20. Calculate z(9).
-10
Let l(i) = -i**2 + 5*i - 3. Let d(s) = s**2 + 1. Let j be (3 + 3 + -7)*-2. Let p be d(j). Give l(p).
-3
Let f(m) = 2*m + 4*m - 2 - 4 + m**2. Suppose 5*a + 2*h - 36 = 6*h, 0 = -2*a + 4*h + 24. Suppose -l + 9 = -3*l + k, 0 = -a*l + 4*k - 16. Give f(l).
-11
Let s(a) = a**2 - 9*a. Let x = -13 + 22. Let t be s(x). Let r(c) = 3*c - 5*c + t*c + 1. What is r(-2)?
5
Let p(b) be the first derivative of -b**4/4 + b**3/3 + b**2/2 + 9*b - 7. Give p(0).
9
Let f(r) = r**2 + 5*r + 4. Suppose 2*a + 5 - 3 = -2*p, 5*a - 10 = 0. Let y(k) = k**3 + 3*k**2 + 2*k + 2. Let z be y(p). Determine f(z).
0
Let z(i) be the third derivative of -i**7/840 + i**5/120 - i**4/24 + 3*i**2. Let d(b) be the second derivative of z(b). What is d(-1)?
-2
Let u(q) = q**2 + 4 + 2 - 7. Let k be u(0). Let f(s) = 4*s - 4*s + 5*s. What is f(k)?
-5
Let y = 2 - 2. Suppose 0 = -4*t - n + 8, y = 8*t - 3*t - n - 10. Let h(g) = g**3 - g**2 + 4*g - 3. Calculate h(t).
9
Let m be 2/3 - 7/(-3). Let s(n) = 13*n**3 - 17*n**2 + 8. Suppose -5*f - 4 = 26. Let l(w) = 7*w**3 - 9*w**2 + 4. Let r(i) = f*s(i) + 11*l(i). Calculate r(m).
-4
Let u be (9/(-4)*1)/((-36)/(-96)). Let x(t) = t + 13. Calculate x(u).
7
Let f(l) = -2*l. Let i = -31 + 26. What is f(i)?
10
Let v(x) = 8*x - x**2 + 8 - 3 - 4*x. Suppose 4*i - 26 = -2*d + 4*d, 2*i - 5*d = 25. Determine v(i).
0
Let z(d) = d**3 + 6*d**2 - 2*d - 6. Suppose -4 = -5*q - 34. Give z(q).
6
Let h(m) be the third derivative of m**4/6 + 8*m**2. Calculate h(-2).
-8
Suppose 3*i = 8*i - 20. Suppose 6*n = 2*n + 2*h - 18, 4*n - i*h + 28 = 0. Let r(g) = 2*g - 2. Give r(n).
-6
Suppose -2*k + 1 = -1. Let u = k + -23. Let b = u - -16. Let s(a) = -a**3 - 6*a**2 + a - 1. Calculate s(b).
-7
Let d(x) be the third derivative of -19*x**6/120 + x**4/24 + x**3/6 - 4*x**2 + 2*x. Determine d(-1).
19
Let f(u) = u**2 + 3*u - 6. Suppose -18 = 4*v - d, 0 = 4*d - d + 6. Calculate f(v).
4
Let u(b) = b. Let w be u(3). Let m(p) = -w + 0*p - 3*p**2 + 4 - 3 - 2*p. Calculate m(-2).
-10
Suppose 0 = -2*k + 3*o + 12, -5*k + 2*o = -4*k - 8. Let b(c) = c - 1. Calculate b(k).
-1
Suppose -6*q + 11 = -19. Let m(l) = -l**3 - 3*l**2 - l - 1. Let y be m(-3). Let i(c) = -3*c**3 - y*c - 5*c**2 - 2 + 5 + 4*c**3. Give i(q).
-7
Let p(n) = -n**2 - n. Suppose 0 = -2*u - 0*u + 4*c + 8, -4*u - 2*c + 6 = 0. What is p(u)?
-6
Let n(q) = -q**3 - 4*q**2 + 6*q + 4. Let f(c) = -c - 3. Let g(a) = a**3 + 3*a**2 - 2*a + 3. Let y be g(-4). Let d be f(y). Suppose -3*j + d*j = 5. Give n(j).
-1
Let u(b) be the second derivative of 1/20*b**5 + 1/2*b**2 + 1/12*b**4 + 0 - 1/3*b**3 - 6*b. Determine u(-2).
1
Let b be ((-6)/4 + 2)*1. Let w(y) be the first derivative of -3 - 4*y - b*y**2. What is w(0)?
-4
Let m(p) be the second derivative of -1/12*p**4 + 5/6*p**3 + 0 + 4*p + p**2. Let r(v) = v**2 + 5*v + 4. Let s be r(-5). What is m(s)?
6
Let k(r) = r**2 - 5*r + 3. Let i(g) = -g**3 - 6*g**2 + 5. Let q be i(-6). Let p be 1*5/(q/3). Calculate k(p).
-3
Let k(r) = 4 - r**2 - r - 2*r - 1 + 0*r. Let s(f) = -f**2 + 8*f + 7. Let c be s(8). Let l = c + -10. What is k(l)?
3
Suppose 2*m - 2*b = 2 + 2, 2*m + 3*b + 6 = 0. Let t(n) = n**2 + 2*n + 2. Let g be t(-2). Let r = m + g. Let i(l) = -l**2 - 3*l + 1. What is i(r)?
-9
Let u be 176/(-24) + (-1)/(-3). Let y(k) = -2*k - 8. Give y(u).
6
Let h(i) = 2*i + i**3 + 1 - 2*i**3 + 2*i**3. Let o be h(-1). Let k(m) = 2*m**3 + m**2 - 3*m - 1. Determine k(o).
-7
Let a be (-24)/(-108) - (-11)/(-9). Let j(x) = 10*x**2. Give j(a).
10
Let m(c) = 5*c - 1. Let b be ((-2)/4)/((-3)/(-864)). Let x be b/(-66) - 4/22. Let t = x - 3. Calculate m(t).
-6
Let j(u) = -u - 10. Suppose -22 = -3*x + 5. Let f = -15 + x. Determine j(f).
-4
Let a(s) = 2*s - 2. Let c = 7 - 13. Let t = c + 12. Let l be ((-9)/t)/((-6)/(-8)). Determine a(l).
-6
Let w(f) = -f**3 - 5*f**2 + 6*f - 1. Let i(d) = 4*d - 3. Let b(r) = r. Let l(u) = 10*b(u) - 2*i(u). Let x be l(-6). Calculate w(x).
-1
Let g = 52 + -28. Let k = 19 - g. Let s(n) = -n**2 - 6*n + 1. Determine s(k).
6
Let g(s) = 2*s - 5. Suppose -5*l = -7 - 13. Give g(l).
3
Let t(c) be the second derivative of 0 - 3*c + 1/12*c**4 + 0*c**3 - 2*c**2. What is t(3)?
5
Let l(j) = -3*j**3 - 2*j - 3. Let h be l(-1). Let m(q) = 6*q + 2. Determine m(h).
14
Let u(g) be the third derivative of g**5/60 - 7*g**4/24 + 5*g**3/6 - 10*g**2. Let v = -7 - -11. Determine u(v).
-7
Let p(a) be the second derivative of 0 + 1/6*a**4 + a + 0*a**2 - 1/3*a**3. Determine p(2).
4
Let l(i) = -i**3 + 4*i**2 + i - 1. Let n = 5 - 2. Let v = 18 + -2. Suppose -m = n*m - v. Give l(m).
3
Let n(h) = -h**3 + 3*h - 1. Let z = -15 - -17. Determine n(z).
-3
Suppose 5*t - d = -3*d - 5, 3 = -3*t - 2*d. Let q(c) = 8*c**2 + c + 1. Calculate q(t).
8
Suppose -5*a = -a + f + 24, -3*a - f = 18. Let x(w) be the second derivative of -w**4/12 - w**3 + w**2 - 2*w. What is x(a)?
2
Let k(x) = -6*x - 3*x**2 - 10 + 3*x**2 + x**2. Suppose -19 = -3*f + 2. What is k(f)?
-3
Suppose 2*h + 6 = -4*t, t + 3*t + 3*h + 11 = 0. Let b(y) = y**2 - 4*y**2 + 2*y**2 - 4*y + 0 - t. Calculate b(-3).
2
Let w be 12/5 - (-18)/(-45). Let l(n) = 4 + 7*n + 5 - n**w - 5 - 3. Calculate l(3).
13
Let n(u) be the second derivative of -u**4/4 - u**2/2 + 6*u. What is n(-1)?
-4
Suppose 0 = h - 3*h - 10. Let j(u) = -7*u**3 + 15*u**2 + 9*u - 18. Let q(y) = -11*y**3 + 23*y**2 + 13*y - 27. Let x(f) = h*q(f) + 8*j(f). Give x(6).
-3
Let x(v) be the first derivative of v**2/2 + 7*v - 7. Give x(5).
12
Let v(c) = -7*c**2 + 2*c - 1. Let y = 25 + -18. Suppose -8 = 2*x - 6*x. Suppose 3*o - y = -2*d, -d = 4*o - 4*d + x. Determine v(o).
-6
Let k(c) = -2*c - 12. Let q be k(-6). Let m(i) = q + 1 + 21*i - 2 - 10*i. Calculate m(-1).
-12
Let q(h) = h. Let u(j) = -4*j + 2. Let a(g) = -2*q(g) - u(g). Determine a(5).
8
Suppose 0 = -5*k - z - 2, -4*k + 0*z = 2*z + 4. Let m be k + 1 + 1 - -3. Let s(v) = -4*v - 1 - 5*v + 8*v. Give s(m).
-6
Suppose -4*p - 8 = 3*f, 0 = -2*f + 6*f - 4*p - 36. Let o(s) = s + 3. What is o(f)?
7
Suppose 2*x + 5*n - 50 = -13, 0 = -5*n + 25. Let o(c) = -c**3 + 7*c**2 - 7*c + 3. Calculate o(x).
-3
Suppose -t + 4 = -3. Let x(a) = -a**3 + 6*a**2 + 5*a + 10. Let i be x(t). Let z(w) = w**2 + 7*w + 6. Determine z(i).
-6
Suppose -2*s - m + 1 = 0, 3*m - 7*m = -4*s + 20. Let a(l) = -5*l**3 + 3*l**2 - 2*l + 1. Determine a(s).
-31
Let s(w) = -25*w + 2*w**2 - 2 + 0*w**2 + 32*w - w**2. Give s(-6).
-8
Let d(k) be the third derivative of k**6/10 - k**4/24 - 11*k**2. What is d(1)?
11
Let p(o) = -1 + 0 + 2*o + 0. Calculate p(-1).
-3
Let p be -2 - ((-2 - -2) + -4). Let j(g) be the first derivative of 2*g + 2/3*g**3 - p - 2*g**2 - 1/4*g**4. Calculate j(2).
-6
Let o(m) = 6*m**3 - 15*m**2 - 15*m - 6. Let a(b) = -5*b**3 + 14*b**2 + 14*b + 5. Let c(y) = 7*a(y) + 6*o(y). Give c(-7).
-8
Let t = 2 - -3. Let x(r) = -8 - 9*r + 14*r - 8*r + r**2 + 2. Give x(t).
4
Let y(p) = p**2 - 3*p. Let f(t) = -t + 1. Let s(r) = 3*f(r) + y(r). Give s(4).
-5
Let c(l) be the third derivative of l**6/60 - l**5/30 + l**3/6 + 4*l**2. Give c(1).
1
Let z be 10/5 + (-1 - 5). Let o(x) = -4*x**3 + 4*x**2 + x - 9. Let w(l) = -3*l**3 + 4*l**2 - 8. Let m(n) = -4*o(n) + 5*w(n). Determine m(z).
12
Let f(s) = s**2 + 6*s - 1. Let c be f(-6). Let b be c + 4 + -3 + 2. Let k(l) = -3*l**2 + 4*l - 3. Calculate k(b).
-7
Let t be 8/6 - (-64)/24. Let o(s) = s**2 - 5*s + 5. Give o(t).
1
Let j(k) = 3*k**2 - 3*k - 11. Let x(b) = 4*b**2 - 2*b - 12. Let t(w) = 5*j(w) - 4*x(w). Determine t(-5).
3
Suppose 4*l = -3*h - 0*l + 4, -h + 4*l = 4. Suppose 0 = -2*d - h*d - 12. Let c(w) = -w**2 - 5*w + 5. Calculate c(d).
-1
Suppose 4*b + 12 = 36. Let i(h) = 2*h + 5. What is i(b)?
17
Let i(x) = x**3 - 4*x**2 - 6*x - 4. Let u(b) = b**3 - 2*b**2 - 3*b. Let f be u(-3). Let o be (-168)/f - 1/(-3). Determine i(o).
-9
Let n(i) = -i**2 + 3. Let j(y) = y